5, 251
List the prime factors of 332369.
29, 73, 157
What are the prime factors of 12412201?
251, 49451
List the prime factors of 852105.
3, 5, 56807
What are the prime factors of 38453?
38453
What are the prime factors of 299472?
2, 3, 17, 367
List the prime factors of 250788.
2, 3, 20899
List the prime factors of 3100950.
2, 3, 5, 2297
List the prime factors of 7713553.
2003, 3851
List the prime factors of 291561.
3, 97187
What are the prime factors of 17539666?
2, 8769833
List the prime factors of 385661.
385661
What are the prime factors of 17917922?
2, 11, 53, 127
List the prime factors of 2484048.
2, 3, 7, 7393
List the prime factors of 239754.
2, 3, 31, 1289
List the prime factors of 1828684.
2, 11, 13, 23, 139
List the prime factors of 10573354.
2, 11, 17, 1663
List the prime factors of 1446599.
7, 11, 18787
What are the prime factors of 3156545?
5, 7, 90187
What are the prime factors of 312275?
5, 12491
What are the prime factors of 301317?
3, 47, 2137
What are the prime factors of 189809?
347, 547
List the prime factors of 4557795.
3, 5, 11, 23, 1201
What are the prime factors of 11765188?
2, 2941297
What are the prime factors of 189591?
3, 63197
What are the prime factors of 246359?
67, 3677
What are the prime factors of 16457255?
5, 1069, 3079
What are the prime factors of 815702?
2, 37, 73, 151
List the prime factors of 328973.
61, 5393
List the prime factors of 71836.
2, 17959
What are the prime factors of 242349?
3, 80783
List the prime factors of 289228.
2, 72307
List the prime factors of 1240650.
2, 3, 5, 919
What are the prime factors of 615009?
3, 17, 31, 389
List the prime factors of 182414.
2, 223, 409
What are the prime factors of 355092?
2, 3, 127, 233
List the prime factors of 142445.
5, 31, 919
List the prime factors of 303076.
2, 17, 4457
What are the prime factors of 84930?
2, 3, 5, 19, 149
What are the prime factors of 1036218?
2, 3, 17, 10159
List the prime factors of 513876.
2, 3, 11, 17, 229
List the prime factors of 67806.
2, 3, 3767
What are the prime factors of 4140667?
23, 67, 2687
List the prime factors of 18068166.
2, 3, 1003787
List the prime factors of 5363642.
2, 751, 3571
What are the prime factors of 4655297?
17, 251, 1091
List the prime factors of 642724.
2, 160681
List the prime factors of 3826296.
2, 3, 19, 2797
List the prime factors of 364846.
2, 182423
List the prime factors of 38278.
2, 19139
What are the prime factors of 952832?
2, 1861
List the prime factors of 1679906.
2, 17, 49409
List the prime factors of 117443.
117443
What are the prime factors of 7966220?
2, 5, 398311
List the prime factors of 2187235.
5, 151, 2897
List the prime factors of 278909.
278909
What are the prime factors of 3912691?
23, 311, 547
What are the prime factors of 26513868?
2, 3, 113, 19553
What are the prime factors of 3219060?
2, 3, 5, 13, 4127
What are the prime factors of 6299011?
2477, 2543
List the prime factors of 29282389.
29282389
List the prime factors of 15441210.
2, 3, 5, 37, 4637
What are the prime factors of 179761?
67, 2683
List the prime factors of 583995.
3, 5, 38933
What are the prime factors of 37287705?
3, 5, 7, 13, 59, 463
List the prime factors of 25656797.
1667, 15391
What are the prime factors of 38711?
38711
List the prime factors of 224971.
367, 613
What are the prime factors of 10644987?
3, 3548329
What are the prime factors of 638476?
2, 19, 31, 271
What are the prime factors of 494218?
2, 29, 8521
What are the prime factors of 1196216?
2, 7, 41, 521
List the prime factors of 1749579.
3, 13, 113, 397
What are the prime factors of 2393094?
2, 3, 11, 101, 359
List the prime factors of 1163118.
2, 3, 11, 17623
What are the prime factors of 12339694?
2, 6169847
What are the prime factors of 9579022?
2, 1021, 4691
List the prime factors of 29397225.
3, 5, 11, 13, 2741
What are the prime factors of 1633231?
1633231
List the prime factors of 131131.
7, 11, 13, 131
What are the prime factors of 40701?
3, 13567
What are the prime factors of 23041372?
2, 5760343
What are the prime factors of 29212142?
2, 233, 62687
List the prime factors of 2272655.
5, 7, 11, 5903
List the prime factors of 306675.
3, 5, 29, 47
What are the prime factors of 325482?
2, 3, 17, 3191
What are the prime factors of 137684?
2, 34421
What are the prime factors of 906230?
2, 5, 13, 6971
What are the prime factors of 7053450?
2, 3, 5, 59, 797
What are the prime factors of 1285629?
3, 101, 4243
What are the prime factors of 5801326?
2, 107, 27109
What are the prime factors of 1127508?
2, 3, 17, 5527
List the prime factors of 11135545.
5, 2227109
What are the prime factors of 861974?
2, 430987
List the prime factors of 7493280.
2, 3, 5, 67, 233
List the prime factors of 1724827.
13, 132679
What are the prime factors of 61959?
3, 19, 1087
List the prime factors of 12593627.
23, 29, 79, 239
What are the prime factors of 76913?
76913
What are the prime factors of 151670?
2, 5, 29, 523
List the prime factors of 114960.
2, 3, 5, 479
List the prime factors of 4946330.
2, 5, 227, 2179
What are the prime factors of 264242?
2, 11, 12011
List the prime factors of 80779.
80779
List the prime factors of 952961.
151, 6311
List the prime factors of 500236.
2, 11, 11369
What are the prime factors of 368146?
2, 184073
List the prime factors of 723127.
723127
What are the prime factors of 5656329?
3, 7, 89783
List the prime factors of 806662.
2, 403331
List the prime factors of 282710.
2, 5, 17, 1663
What are the prime factors of 966536?
2, 120817
What are the prime factors of 5186037?
3, 17, 61, 1667
What are the prime factors of 171823?
171823
What are the prime factors of 2013802?
2, 7, 20549
List the prime factors of 942101.
942101
List the prime factors of 4849329.
3, 1616443
List the prime factors of 394677.
3, 43853
List the prime factors of 1273531.
7, 43, 4231
List the prime factors of 9451243.
37, 157, 1627
What are the prime factors of 663156?
2, 3, 13, 109
What are the prime factors of 940889?
940889
List the prime factors of 31975105.
5, 31, 206291
What are the prime factors of 8765954?
2, 19, 230683
List the prime factors of 9186810.
2, 3, 5, 359, 853
What are the prime factors of 12240673?
37, 41, 8069
List the prime factors of 4286993.
23, 186391
What are the prime factors of 1095269?
7, 156467
List the prime factors of 920713.
23, 40031
What are the prime factors of 2726365?
5, 293, 1861
What are the prime factors of 1096507?
1096507
What are the prime factors of 5454540?
2, 3, 5, 7, 13, 37
List the prime factors of 565810.
2, 5, 7, 59, 137
What are the prime factors of 5627150?
2, 5, 112543
What are the prime factors of 804672?
2, 3, 11, 127
What are the prime factors of 83591?
83591
List the prime factors of 208053.
3, 23117
What are the prime factors of 388739?
13, 17, 1759
List the prime factors of 5931233.
7, 11, 77029
List the prime factors of 10311540.
2, 3, 5, 89, 1931
What are the prime factors of 5370123?
3, 11, 162731
List the prime factors of 332850.
2, 3, 5, 7, 317
What are the prime factors of 10749690?
2, 3, 5, 7, 113, 151
List the prime factors of 3871079.
19, 79, 2579
What are the prime factors of 687102?
2, 3, 13, 23, 383
List the prime factors of 15145759.
17, 890927
What are the prime factors of 5240619?
3, 23, 29, 97
List the prime factors of 586314.
2, 3, 32573
List the prime factors of 291710.
2, 5, 31, 941
List the prime factors of 298971.
3, 3691
List the prime factors of 17136184.
2, 13, 164771
What are the prime factors of 15853303?
89, 178127
What are the prime factors of 5667336?
2, 3, 78713
List the prime factors of 1380553.
17, 281
List the prime factors of 3235560.
2, 3, 5, 59, 457
What are the prime factors of 3072406?
2, 37, 41519
List the prime factors of 313457.
331, 947
List the prime factors of 345102.
2, 3, 113, 509
List the prime factors of 269294.
2, 29, 4643
List the prime factors of 3794117.
3794117
List the prime factors of 389823.
3, 7, 19, 977
List the prime factors of 1061332.
2, 265333
List the prime factors of 2848936.
2, 19, 18743
What are the prime factors of 373004?
2, 93251
List the prime factors of 13976612.
2, 13, 268781
List the prime factors of 52133.
37, 1409
What are the prime factors of 8529318?
2, 3, 7, 139, 487
List the prime factors of 231150.
2, 3, 5, 23, 67
W